git of 1695?
1
What is the units digit of 1377?
7
What is the tens digit of 994?
9
What is the ten thousands digit of 11640?
1
What is the hundreds digit of 6902?
9
What is the tens digit of 301?
0
What is the tens digit of 9138?
3
What is the units digit of 17033?
3
What is the units digit of 4879?
9
What is the thousands digit of 1652?
1
What is the hundreds digit of 5972?
9
What is the tens digit of 3786?
8
What is the units digit of 1765?
5
What is the tens digit of 5744?
4
What is the thousands digit of 1866?
1
What is the thousands digit of 56600?
6
What is the ten thousands digit of 39408?
3
What is the tens digit of 14580?
8
What is the units digit of 13688?
8
What is the hundreds digit of 1261?
2
What is the thousands digit of 9256?
9
What is the tens digit of 265?
6
What is the thousands digit of 35072?
5
What is the hundreds digit of 2852?
8
What is the units digit of 891?
1
What is the hundreds digit of 7414?
4
What is the hundreds digit of 7649?
6
What is the hundreds digit of 921?
9
What is the thousands digit of 1015?
1
What is the thousands digit of 2194?
2
What is the tens digit of 68497?
9
What is the tens digit of 1346?
4
What is the units digit of 877?
7
What is the units digit of 399?
9
What is the units digit of 71274?
4
What is the thousands digit of 4064?
4
What is the thousands digit of 123912?
3
What is the hundreds digit of 7569?
5
What is the hundreds digit of 4957?
9
What is the thousands digit of 38499?
8
What is the tens digit of 16?
1
What is the hundreds digit of 94413?
4
What is the units digit of 162?
2
What is the hundreds digit of 790?
7
What is the units digit of 8967?
7
What is the ten thousands digit of 192584?
9
What is the units digit of 16895?
5
What is the tens digit of 460?
6
What is the units digit of 2143?
3
What is the tens digit of 25336?
3
What is the tens digit of 3563?
6
What is the ten thousands digit of 11655?
1
What is the tens digit of 1630?
3
What is the thousands digit of 3540?
3
What is the hundreds digit of 20178?
1
What is the tens digit of 1056?
5
What is the thousands digit of 1256?
1
What is the tens digit of 23632?
3
What is the tens digit of 2774?
7
What is the ten thousands digit of 52041?
5
What is the ten thousands digit of 65520?
6
What is the units digit of 5573?
3
What is the tens digit of 3094?
9
What is the tens digit of 346?
4
What is the thousands digit of 10493?
0
What is the hundreds digit of 31244?
2
What is the tens digit of 4595?
9
What is the units digit of 509?
9
What is the units digit of 82059?
9
What is the ten thousands digit of 98546?
9
What is the hundreds digit of 579?
5
What is the units digit of 48036?
6
What is the units digit of 470?
0
What is the tens digit of 5323?
2
What is the thousands digit of 8498?
8
What is the thousands digit of 32469?
2
What is the ten thousands digit of 58765?
5
What is the tens digit of 3187?
8
What is the hundred thousands digit of 136614?
1
What is the hundreds digit of 303?
3
What is the ten thousands digit of 11360?
1
What is the units digit of 51?
1
What is the hundreds digit of 5784?
7
What is the hundred thousands digit of 137599?
1
What is the hundreds digit of 43057?
0
What is the ten thousands digit of 36182?
3
What is the units digit of 49204?
4
What is the ten thousands digit of 25934?
2
What is the tens digit of 543?
4
What is the hundreds digit of 90562?
5
What is the hundreds digit of 3739?
7
What is the thousands digit of 1766?
1
What is the units digit of 843?
3
What is the thousands digit of 24581?
4
What is the tens digit of 462?
6
What is the hundreds digit of 19200?
2
What is the units digit of 1420?
0
What is the tens digit of 5957?
5
What is the tens digit of 345?
4
What is the ten thousands digit of 74707?
7
What is the ten thousands digit of 33869?
3
What is the tens digit of 1808?
0
What is the units digit of 46635?
5
What is the thousands digit of 34445?
4
What is the thousands digit of 2251?
2
What is the thousands digit of 37216?
7
What is the tens digit of 517?
1
What is the units digit of 30663?
3
What is the hundreds digit of 3444?
4
What is the ten thousands digit of 30782?
3
What is the hundreds digit of 1744?
7
What is the tens digit of 6918?
1
What is the tens digit of 107963?
6
What is the thousands digit of 1250?
1
What is the hundreds digit of 178?
1
What is the hundreds digit of 139563?
5
What is the tens digit of 338?
3
What is the tens digit of 7055?
5
What is the thousands digit of 2575?
2
What is the tens digit of 1517?
1
What is the thousands digit of 50171?
0
What is the ten thousands digit of 14658?
1
What is the tens digit of 295?
9
What is the thousands digit of 14252?
4
What is the hundreds digit of 1254?
2
What is the units digit of 44279?
9
What is the tens digit of 55095?
9
What is the units digit of 4650?
0
What is the ten thousands digit of 127056?
2
What is the hundreds digit of 2021?
0
What is the tens digit of 44813?
1
What is the tens digit of 6988?
8
What is the thousands digit of 3892?
3
What is the hundreds digit of 3042?
0
What is the thousands digit of 1824?
1
What is the tens digit of 792?
9
What is the ten thousands digit of 57965?
5
What is the tens digit of 9352?
5
What is the ten thousands digit of 55931?
5
What is the units digit of 7332?
2
What is the units digit of 686?
6
What is the tens digit of 1822?
2
What is the thousands digit of 10055?
0
What is the thousands digit of 87241?
7
What is the ten thousands digit of 10867?
1
What is the tens digit of 3411?
1
What is the hundreds digit of 2196?
1
What is the tens digit of 345?
4
What is the hundreds digit of 2702?
7
What is the units digit of 4214?
4
What is the units digit of 28724?
4
What is the ten thousands digit of 34394?
3
What is the units digit of 21609?
9
What is the tens digit of 665?
6
What is the tens digit of 2157?
5
What is the units digit of 10100?
0
What is the tens digit of 332?
3
What is the hundreds digit of 5453?
4
What is the units digit of 25687?
7
What is the hundreds digit of 132267?
2
What is the tens digit of 38279?
7
What is the hundreds digit of 173?
1
What is the thousands digit of 1107?
1
What is the units digit of 7310?
0
What is the units digit of 83123?
3
What is the thousands digit of 36784?
6
What is the thousands digit of 11629?
1
What is the hundreds digit of 651?
6
What is the ten thousands digit of 51837?
5
What is the thousands digit of 6276?
6
What is the thousands digit of 1968?
1
What is the thousands digit of 2994?
2
What is the hundreds digit of 1892?
8
What is the ten thousands digit of 16877?
1
What is the units digit of 971?
1
What is the units digit of 35222?
2
What is the thousands digit of 61599?
1
What is the thousands digit of 34622?
4
What is the hundreds digit of 24315?
3
What is the units digit of 4344?
4
What is the tens digit of 1691?
9
What is the hundreds digit of 20770?
7
What is the tens digit of 662?
6
What is the hundreds digit of 33962?
9
What is the tens digit of 4488?
8
What is the thousands digit of 39543?
9
What is the tens digit of 1298?
9
What is the hundreds digit of 61698?
6
What is the ten thousands digit of 11211?
1
What is the units digit of 877?
7
What is the tens digit of 17150?
5
What is the hundreds digit of 2498?
4
What is the units digit of 12490?
0
What is the hundreds digit of 59960?
9
What is the hundreds digit of 379?
3
What is the tens digit of 9331?
3
What is the tens digit of 45430?
3
What is the units digit of 5047?
7
What is the hundreds digit of 1579?
5
What is the tens digit of 8711?
1
What is the units digit of 2302?
2
What is the hundreds digit of 83339?
3
What is the thousands digit of 96689?
6
What is the hundreds digit of 489?
4
What is the thousands digit of 54675?
4
What is the units digit of 1187?
7
What is the units digit of 785?
5
What is the hundreds digit of 1407?
4
What is the units digit of 22530?
0
What is the units digit of 7703?
3
What is the hundreds digit of 9684?
6
What is the tens digit of 1439?
3
What is the hundreds digit of 26842?
8
What is the units digit of 10314?
4
What is the tens digit of 147392?
9
What is the thousands digit of 7641?
7
What is the tens digit of 370?
7
What is the units digit of 34577?
7
What is the units digit of 94573?
3
What is the thousands digit of 90121?